t g be (10 - -1) + (-7 - j). Let o = g - 6. What is the greatest common factor of 55 and o?
5
Suppose 0 = -t - 3*y + 32 + 244, 0 = -t - 4*y + 277. What is the greatest common divisor of t and 13?
13
Suppose -73 = 3*p - p + 5*r, -139 = 4*p + 3*r. Let f = p - -70. Calculate the highest common divisor of f and 24.
12
Let h = 5 - 2. Suppose 0*d = -3*r - 3*d + 3, 1 = -5*r + d. Let m = 1 - r. What is the highest common factor of h and m?
1
Suppose 3*v + 13 = 1. Let x(l) = l**2 + l + 2. Let m be x(v). Calculate the highest common factor of 14 and m.
14
Suppose 0 = 3*z - 4*p + 28, 5*z - 6*p + 55 = -p. Let q = z - -34. Calculate the highest common divisor of q and 45.
9
Let a = 13 - 8. Suppose 6*b - 4*b - 2*s - 12 = 0, a*s + 15 = 0. What is the highest common divisor of 3 and b?
3
Suppose 2*u - 3 = -c - 11, 5*c = 3*u - 40. Let g be (10/c)/((-1)/8). Suppose 100 = 4*f - 180. Calculate the highest common factor of g and f.
10
Let f(q) = 2*q**2 + 12. Let c be f(0). Calculate the greatest common factor of c and 48.
12
Let w(i) = 15*i**2 + 3*i + 2. Let q be w(-1). Calculate the highest common divisor of 2 and q.
2
Suppose 0*v = 3*k - 5*v - 100, 0 = 2*k + v - 45. Let f be ((-440)/k)/(2/(-10)). What is the greatest common factor of 22 and f?
22
Let i(j) = -j**3 - 21*j**2 + 14*j - 7. Let m(z) = z**2 + z + 1. Let s(g) = -i(g) - 4*m(g). Let w be s(-18). What is the greatest common divisor of w and 3?
3
Let d = 226 + -428. Let f = d - -78. Let n be (-8)/(-28) + f/(-7). What is the greatest common divisor of 12 and n?
6
Let i be (-18)/42 + 90/14. Calculate the highest common divisor of i and 9.
3
Let x be (-287)/(-8) + 2/16. Calculate the greatest common factor of 12 and x.
12
Let m(t) = -t - 4. Let y be m(-3). Let q = -3 + y. Let o be 128/24*(-18)/q. What is the greatest common divisor of 60 and o?
12
Suppose -n - 6 = -0*n. Let i(q) = -q**2 - 6*q - 5. Let y be i(n). Let x be (-9)/(-5) + (-1)/y. Calculate the greatest common divisor of 6 and x.
2
Let p = -4 + 18. Let s be 1/(-1)*(-2)/1. Suppose -2*y + 1 = -w + 3*y, s*y = 6. Calculate the highest common divisor of w and p.
14
Suppose 3*s - 15 = -2*s. Let o be (-5)/(-5) + (-1 - -21). What is the greatest common divisor of s and o?
3
Suppose -o + 3*l = 2, -2*o - 3*l - 25 = -3. Let k be (-6)/(-6) + o/(-1). Calculate the highest common divisor of k and 9.
9
Suppose -3*a - 2*v + 3 = -17, -v = -5*a + 55. Suppose 2 = 3*x - a. Suppose x*y = 8, 56 = -0*j + j + 4*y. Calculate the greatest common factor of j and 12.
12
Let b = 112 - 88. Calculate the greatest common factor of 3 and b.
3
Suppose -3*j + 3*y = -4*j - 2, -5*j = -2*y - 75. Suppose -j = -6*s + 23. Calculate the greatest common factor of 4 and s.
2
Let x be (-1 + 6/4)*6. Suppose 5*b - 2*w + 69 = 376, x*w + 177 = 3*b. Let r(a) = -5*a - 1. Let f be r(-2). Calculate the highest common divisor of f and b.
9
Suppose 2*g + 2*c - 68 = 0, -g + 2*c + 30 = 5*c. Let r = 16 + -8. Suppose r = -3*m + 4*v, 4*v = m + m + 12. Calculate the greatest common factor of m and g.
4
Suppose -4*s - 4*h = -8*s + 128, 0 = -5*s - 3*h + 168. What is the highest common divisor of s and 6?
3
Let y(a) = a + 24. Let z(p) = 2*p + 48. Let m(g) = -9*y(g) + 4*z(g). Let s be m(0). Let r be (s/20)/((-1)/15). Calculate the highest common factor of 12 and r.
6
Let m = 44 + -31. What is the greatest common factor of 13 and m?
13
Let a = -3 + 5. Let w be 8/6*9/a. Let y(h) = h - 3. Let r be y(5). Calculate the highest common factor of w and r.
2
Let p = 17 - 38. Suppose -3*k = -5*u - 82, -3*k + 114 = u + 2*u. Let h = k + p. Calculate the greatest common factor of 26 and h.
13
Let a be 84 - -2*2/4. Let t be 3/(8 + -4 + -3). Suppose -t*z + 35 = -2*m - 10, 5*z - 100 = -5*m. What is the highest common divisor of z and a?
17
Suppose 0 = 4*o - r - 41, -4*o = -6*o + r + 19. What is the greatest common factor of 33 and o?
11
Let p(k) = -k**2 + 2*k + 19. Let r be p(0). What is the highest common divisor of 133 and r?
19
Suppose 5*i - 51 = 2*i. Let x = i + -7. Calculate the highest common factor of x and 20.
10
Let r be (-1 - -3) + 0 - -14. Let n be (-2)/9*(-10 - -1). What is the highest common factor of r and n?
2
Let t be (-99)/21 + 2/(-7). Let g = t - -16. What is the highest common factor of 121 and g?
11
Let z(i) = i**2 - i + 2. Let w be z(0). Let a be ((0 + 0)/w)/3. Suppose g - 2*g + 8 = a. What is the greatest common divisor of g and 24?
8
Let i be (8 - 2)/(3 + -1). Suppose 0 = -2*a + 2*f - i*f - 19, -2*a + f = 21. Let u = -4 - a. What is the greatest common factor of 30 and u?
6
Suppose 243 = 5*b - 7. Calculate the greatest common divisor of b and 20.
10
Let a be 4*(-6)/96 + (-186)/(-8). What is the greatest common divisor of a and 69?
23
Suppose -7 = 4*y + 9. Let f be 48/(-21) - y/14. Let o(m) = -31*m + 2. Let d be o(f). Calculate the greatest common factor of 8 and d.
8
Let b be -4 - (-1 - 1052/4). Suppose 0*l + b = 4*l. Calculate the highest common divisor of 13 and l.
13
Let c = 18 + 4. What is the highest common factor of c and 55?
11
Suppose 0 = -5*y + 91 - 1. Let b = y + -10. Calculate the greatest common divisor of 8 and b.
8
Let h = 6 + -6. Suppose -3*j + j + 484 = h. Calculate the highest common divisor of j and 22.
22
Let i be 1*(1*-9 - 3). Let y be (-574)/(-8) + (-3)/i. Let g = 30 + -21. What is the highest common factor of y and g?
9
Let y(h) = -h - 2. Let s be y(-10). Let t be 68/(-10) + 1/(-5). Let i = t + s. Calculate the greatest common divisor of i and 6.
1
Let c = 31 + -28. What is the greatest common divisor of 27 and c?
3
Suppose 0 = -3*z - 0 + 18. Let q = 88 + -40. Calculate the highest common divisor of z and q.
6
Suppose 4*u + 5*g = -467, -4*g = -2*g - 10. Let d = 173 + u. Calculate the greatest common divisor of d and 10.
10
Let d be ((-6)/(-10))/((-4)/(-20)). Calculate the highest common divisor of 6 and d.
3
Let o = 5 + -2. Let y = -6 + o. Let t be ((-2)/6)/(1/y). What is the greatest common divisor of 7 and t?
1
Let z = 12 + -4. Calculate the highest common divisor of 96 and z.
8
Suppose 2*s - 2 = 0, 5*y + 5*s = 2*s + 28. Calculate the highest common divisor of 45 and y.
5
Let j be (-2 - -2) + 3 + 2. Suppose -j*k + 2*k + 36 = 0. What is the greatest common factor of 6 and k?
6
Let m be 0 - (7 + -1)/3. Let y be 8 + (-7 + 3 - m). Let f = y + 9. What is the greatest common factor of f and 75?
15
Let n(k) = -44*k + 1. Let g be n(-1). Let u = 87 + -69. Calculate the highest common factor of u and g.
9
Suppose -43 = -q + 4*p, q + 5*p - 37 = 6*p. Calculate the highest common divisor of q and 7.
7
Let u(a) = 2*a**2 - 3*a - 1. Let l be u(-1). What is the highest common divisor of 12 and l?
4
Let f(a) = 3*a**3 - 2*a + 1. Let w be f(1). Suppose -w*b = 2*b + 3*j - 47, 5*b - 2*j = 76. What is the highest common factor of 56 and b?
14
Let u = -7 - -13. Calculate the highest common divisor of u and 18.
6
Let t(q) = -q**2 + 19*q + 14. Let m be t(17). What is the greatest common factor of m and 16?
16
Let h(s) = s**2 + 6*s + 8. Let o be h(-8). Calculate the greatest common divisor of o and 3.
3
Let g be 20*2/(-20)*4. Let p = g + 11. What is the highest common divisor of p and 21?
3
Let k(g) = 2*g + 2. Let y be k(3). Calculate the greatest common factor of y and 4.
4
Suppose 4*u = -25 + 81. What is the highest common divisor of 35 and u?
7
Let s(p) = p**2 - 3*p + 16. Let v be s(7). What is the highest common divisor of 11 and v?
11
Suppose 3*d + 2*a = 3*a - 17, -3*d - a = 19. Let h(k) = -k + 7. Let y be h(d). Let t(r) = r + 104. Let m be t(0). What is the highest common factor of y and m?
13
Let h be (0 - -2)*(-5)/10. Let k be (-5 - -11) + h*3. What is the greatest common factor of k and 33?
3
Let r be ((-16)/(-20))/((-4)/(-70)). What is the greatest common divisor of 35 and r?
7
Let g = -7 + 3. Let j = g + 21. Calculate the greatest common factor of j and 17.
17
Suppose 3*o = 12*w - 7*w - 1692, 3*o = 4*w - 1356. Calculate the greatest common divisor of 56 and w.
56
Let g(y) = -y**3 - 3*y**2 + 4*y + 4. Let w be g(-4). Suppose 0 = -4*c + 121 + 23. Calculate the highest common factor of c and w.
4
Let x(f) be the second derivative of f**4/4 + f**3/3 + f**2 + 4*f. Let u be x(-2). What is the highest common factor of 30 and u?
10
Let n = 27 - 7. Let o = 57 + -27. Calculate the greatest common divisor 